ppose -4*g + c = 13, -5*g = -0*g + 3*c - 5. Suppose 4*i = 0, -3*i - 5 = 2*w + 1. Let q be 30*(g/w)/2. What is the greatest common factor of 15 and q?
5
Let u(p) = -18*p + 43. Let o be u(-5). Let y(g) = 6*g - 5. Let d be y(4). What is the highest common factor of o and d?
19
Let j be (-6)/27 + (-164)/(-9). Suppose -j = -2*g - 2. Let a = -15 - -47. What is the highest common factor of g and a?
8
Let n = -349 - -524. What is the highest common divisor of 245 and n?
35
Let b(g) = 5*g - 66. Let o be b(15). What is the greatest common factor of o and 21?
3
Suppose -61*s + 792 = -59*s. Suppose -6*h = -0*h - s. Let f(c) = 12*c**2 - 2*c + 1. Let p be f(1). What is the greatest common divisor of h and p?
11
Suppose -2003 + 23 = -3*n. What is the greatest common factor of 120 and n?
60
Suppose -148*u + 143*u = -15. Calculate the greatest common divisor of u and 15.
3
Let t be (-3 + -1 - -5)*(-79)/(-1). Suppose i + 25 = t. What is the highest common factor of i and 18?
18
Let l(t) = -t**2 + 6. Let h be l(2). Suppose -n = -5*d - 18, h*n - n = -5*d + 8. What is the greatest common factor of n and 13?
13
Let x be (636/9*759/(-22))/(-2). Calculate the highest common factor of 23 and x.
23
Let j(q) = -7*q + 5. Let s be j(-16). What is the greatest common divisor of 13 and s?
13
Let l(i) = i**2 - 8*i + 58. Let k be l(7). What is the highest common divisor of 85 and k?
17
Let j(u) = -8*u - 9. Let v be j(-10). Suppose h - v = f, 0*h - h = 4*f - 66. What is the greatest common factor of 14 and h?
14
Suppose -32*i = -663 + 151. Calculate the highest common factor of i and 176.
16
Let p be 15/(-60) + 89/4. Let q(w) = -2*w + 14. Let i be q(-4). Calculate the greatest common divisor of p and i.
22
Let u = 47 + -42. Suppose 21 = 3*w - 3*k, 0*k - 17 = 4*w + u*k. What is the highest common divisor of w and 8?
2
Let t be 3297/35 + (-4)/(-5). What is the highest common divisor of t and 5?
5
Let j(o) = 8*o - 16. Let l be j(4). What is the highest common factor of l and 56?
8
Suppose 0*j = -5*j + 440. Let z be ((-1)/1 - -1) + 4 + 46. Let q = z - 28. Calculate the highest common factor of j and q.
22
Let r = -415 - -685. What is the greatest common factor of 27 and r?
27
Let u = -2644 + 2725. Let q = 13 - 4. What is the highest common factor of u and q?
9
Suppose 2*h = -2*h - 5*b - 45, 4*h - 5*b + 35 = 0. Let q be 744/15 - ((-6)/h - 1). Calculate the greatest common divisor of 10 and q.
10
Let f be 4 - (1 + -2)*14. What is the highest common divisor of f and 22?
2
Let d be (-3)/2*24/(-9). Suppose 0 = -d*q + 15 + 49. Suppose 5*s = 4*s + 112. What is the greatest common divisor of q and s?
16
Let z(v) = 9*v + 222. Let a be z(-15). What is the greatest common factor of a and 58?
29
Let n(y) = -23*y + 20. Let m(b) = 2*b - 12. Let l be m(4). Let s be n(l). Calculate the greatest common divisor of s and 14.
14
Let c = -548 + 798. Calculate the highest common divisor of c and 50.
50
Suppose -209 = 14*m - 881. What is the highest common divisor of m and 108?
12
Suppose 2*w - 938 = -496. Calculate the greatest common divisor of 52 and w.
13
Let j(h) = h**2 + 3*h - 41. Let c be j(-10). Calculate the greatest common divisor of c and 725.
29
Suppose -4*h - 4*b = -0*h - 452, 349 = 3*h + 5*b. What is the greatest common divisor of h and 276?
12
Let b = 5 + -3. Let v be -2 + 116/5 + (-16)/(-20). Calculate the highest common divisor of b and v.
2
Let f = -196 + 108. Let k = f + 52. Let l be 826/12 + (-6)/k. Calculate the highest common divisor of 46 and l.
23
Suppose -7*i - 2*i + 117 = 0. Let f(r) = -5*r + 3. Let n be f(2). Let b = n + i. What is the greatest common divisor of 66 and b?
6
Let i be (20/(-6))/((2/(-3))/1). Let s be (-8)/(-16)*(0 + i)*36. What is the greatest common factor of s and 18?
18
Let h = 11 - 40. Let d = h + 17. Let s be 24/2 + d/4. Calculate the greatest common factor of 9 and s.
9
Let j(d) = d**3 - 5*d**2 + 5*d - 6. Let w be j(4). Let a be 1/(w + (-44)/(-20)). What is the highest common factor of a and 35?
5
Let n be (16/(-3))/(-5 - (-301)/63). Let q = 45 - 37. What is the highest common divisor of q and n?
8
Let l = 58 + 54. Calculate the greatest common factor of 280 and l.
56
Suppose 13*d - 222 = 168. What is the highest common divisor of 10 and d?
10
Let s(r) = 11*r + 77. Let p(c) = 5*c + 39. Let q(b) = 9*p(b) - 4*s(b). Let i be q(-24). What is the highest common divisor of i and 38?
19
Let v be (2/7)/(4/28). Suppose -3*f - v*f = -300. Let b = -24 + f. What is the greatest common factor of 24 and b?
12
Suppose 7 + 9 = 4*w. Let k(v) = w*v + 10 - 7*v + 0*v + 5*v. Let u be k(0). Calculate the greatest common factor of 15 and u.
5
Let f(q) = 2*q**2 + 5*q - 6. Suppose 16 = -2*i + 3*z - 4, -40 = 4*i - 4*z. Let v be f(i). Calculate the highest common divisor of 16 and v.
16
Let v(g) = -5*g + 25. Let c be v(-7). Calculate the greatest common divisor of c and 20.
20
Suppose 82 = 3*o - 2*w, -54*o + 59*o + 5*w = 120. What is the greatest common factor of 2 and o?
2
Suppose -326*c + 328*c = 7328. Calculate the greatest common factor of 16 and c.
16
Let g(k) = -8*k + 23*k + k**2 - 11*k + 3. Let x = -18 + 13. Let w be g(x). Calculate the highest common factor of w and 72.
8
Let c = 402 + 114. What is the highest common factor of c and 12?
12
Suppose 140 = 7435*i - 7433*i. Suppose 4*g - 21 = 35. What is the highest common divisor of i and g?
14
Let m be (-36)/(-10) - (-6)/15. Suppose -3*i + m*i - 30 = 0. Let z = i - 28. Calculate the highest common divisor of z and 4.
2
Let x = 54 - 18. Suppose b - x = -3*g + 14, -4*b + 5*g = -268. What is the greatest common divisor of b and 31?
31
Let n(g) be the third derivative of g**6/120 - g**4/12 - 5*g**3/6 + 23*g**2. Let x be n(3). What is the highest common divisor of 128 and x?
16
Let u(c) = -c**3 + 11*c**2 + 16*c + 2. Let q be u(12). Let n be 1/5 - 1137/(-15). Let j = n - q. Calculate the greatest common divisor of 39 and j.
13
Suppose 5*h - 10*h = -3*c - 9808, 5*h - 4*c - 9809 = 0. Calculate the highest common factor of h and 37.
37
Suppose -75 = -2*a - 23. Let f(q) = 67*q - 2. Suppose 9*o - 10*o = -1. Let p be f(o). What is the highest common divisor of p and a?
13
Suppose 4*k + 46 = 2*j, -6*k + k = -5*j + 110. Suppose -2*o = 4*p + 6, o = -o + 5*p + j. Calculate the greatest common factor of 9 and o.
3
Let q(w) = -w**2 - 50*w + 471. Let x be q(8). Let j be 7*-3*2/(-2). What is the greatest common divisor of x and j?
7
Let q(t) = -3*t - 3. Let f be q(-2). Suppose 2*a - 85 = -f*a - 5*v, -4*a + 5*v = -77. What is the greatest common divisor of a and 18?
18
Suppose -4*i + 4 = 0, -14*z = -15*z - i + 73. Calculate the greatest common divisor of z and 54.
18
Let j(q) = q**2 + 25*q + 72. Let x be j(-22). What is the highest common factor of x and 114?
6
Let d(j) = 20*j**2 - 6*j + 6. Let a be d(2). Suppose -4*k = a - 26. Let o be 6/k*-2*19. What is the highest common factor of 19 and o?
19
Let r = -831 + 841. What is the highest common factor of 170 and r?
10
Suppose 5570 = -71*a + 31698. What is the highest common divisor of a and 48?
16
Let s be (-47)/(-5) - (-6)/(-15). Let l = 114 - 110. Suppose 4*a + 240 = l*m, 3*a = m + 4*a - 66. Calculate the greatest common divisor of s and m.
9
Suppose 1 = 8*y - 15. Let f(a) = -a**2 + 14 + a + y*a**2 - 3. Let p be f(0). Calculate the highest common divisor of p and 1.
1
Let t(u) be the first derivative of -u**3/3 + 11*u**2/2 - 23*u + 4. Let w be t(8). Calculate the greatest common divisor of 1 and w.
1
Suppose -44 = -8*l + 276. Calculate the highest common divisor of 65 and l.
5
Let m = -50 - -80. Calculate the highest common divisor of 45 and m.
15
Let l be 12/(-8)*(-332)/6*8. Calculate the greatest common divisor of 415 and l.
83
Let t be (384/56 + -7)/(4/(-196)). Let c be ((-3)/(-4))/(2/56). Calculate the greatest common divisor of c and t.
7
Let r(b) = 2*b**3 - 66*b**2 + 6*b + 22. Let l be r(33). Calculate the greatest common divisor of 132 and l.
44
Suppose 4*q = 5*w + 52, -3*w = -6*q + 3*q + 36. Calculate the greatest common divisor of q and 376.
8
Let h(k) = 369*k**3 - 6*k + 5. Let c be h(1). Calculate the highest common divisor of 23 and c.
23
Let f be (-2)/9 + 677/9. Let u(y) = y**3 - 7*y**2 + 20*y - 54. Let w be u(6). What is the greatest common divisor of f and w?
15
Let f(n) = 21*n 